s n(3)?
-49
Let w(h) = -h**2 - 72*h + 1211. Give w(14).
7
Let g(r) = r**2 - 49*r + 18. Calculate g(4).
-162
Let l(k) = 30*k - 547. Calculate l(17).
-37
Let a(x) = 2*x**2 - 16*x - 235. What is a(11)?
-169
Let b(c) = c**3 + 207*c**2 + c + 22. What is b(0)?
22
Let a(r) = -r**3 - 6*r**2 - 4*r - 8. What is a(-4)?
-24
Let u(l) = -2*l**3 - 2*l**2 + 2*l + 6. Calculate u(4).
-146
Let x(z) = -157*z. Calculate x(0).
0
Let u(k) = 5*k**2 + 39*k + 143. Determine u(-15).
683
Let s(k) = 83*k + 700. Determine s(-8).
36
Let h(y) = -5*y**2 - 193*y + 204. Calculate h(-39).
126
Let v(d) = -200*d + 2499. Determine v(11).
299
Let b(l) = l**2 + 30*l - 293. Calculate b(8).
11
Let b(n) = -n**3 + 7*n**2 - 23*n + 224. Give b(8).
-24
Let t(h) = h**3 - 20*h**2 - 20. Give t(20).
-20
Let n(k) = -k**3 - 4*k**2 - 10*k - 168. Calculate n(-6).
-36
Let z(p) = 2*p**2 + 120*p + 1485. Give z(-12).
333
Let y(d) = 11*d**2 - 185*d - 11. Determine y(18).
223
Let s(i) = -124*i + 6568. Give s(53).
-4
Let h(p) = -2*p**2 + 3*p - 10. What is h(5)?
-45
Let t(y) = -4*y**2 + 2*y + 34. Calculate t(7).
-148
Let u(z) = 6*z**2 - 106*z + 369. Give u(13).
5
Let p(w) = 4*w**3 + 16*w**2 - 50*w + 5. Determine p(2).
1
Let g(l) = -60*l**2 + 1055*l + 421. Determine g(18).
-29
Let z(s) = -3*s**2 + 87*s + 168. Calculate z(31).
-18
Let v(j) = -4*j**2 - 14*j + 116. What is v(-8)?
-28
Let a(w) = -w**2 - 30*w + 75. Calculate a(6).
-141
Let j(v) = -2*v**3 - 59*v**2 + 25*v - 26. Give j(-30).
124
Let f(u) = -u**3 + 56*u**2 + 57*u - 3. Determine f(57).
-3
Let r(w) = -894*w + 9825. What is r(11)?
-9
Let w(o) = o**3 - 5*o**2 - 38*o + 185. Determine w(5).
-5
Let u(m) = 6979*m - 7008. Give u(1).
-29
Let k(n) = -3*n**3 + 19*n**2 + 15*n - 4. Give k(7).
3
Let c(a) = -a**3 - 18*a**2 + 86*a - 38. Give c(-22).
6
Let m(j) = 2*j - 23. Determine m(26).
29
Let o(q) = -68*q**3 + 3*q + 5. What is o(-2)?
543
Let u(l) = 3*l**2 + 17*l - 102. What is u(5)?
58
Let i(w) = w**3 - 15*w**2 + 40*w - 30. Give i(12).
18
Let q(c) = -c**3 - 19*c. Give q(-4).
140
Let g(d) = -127*d - 10524. What is g(-83)?
17
Let u(a) = -3*a**2 - 16*a + 6. Give u(-13).
-293
Let b(y) = y**2 - 46*y - 501. Determine b(55).
-6
Let t(b) = -b**3 + 54*b**2 - 94*b + 5068. Determine t(54).
-8
Let u(q) = -3*q**3 + 10*q**2 - 6*q + 13. Calculate u(3).
4
Let y(c) = 5*c**2 + 2226*c + 2657. Determine y(-444).
-7
Let s(l) = 2*l**3 - 44*l**2 + 9*l - 76. Determine s(22).
122
Let t(p) = -p**2 - 27*p + 42. Calculate t(-24).
114
Let b(o) = -82*o + 263. What is b(3)?
17
Let a(q) = q**3 - 11*q**2 + 4*q - 12. Calculate a(10).
-72
Let f(r) = -r**3 + 34*r**2 - 118*r + 8. Calculate f(4).
16
Let f(l) = -179*l + 895. Calculate f(5).
0
Let f(y) = 33*y + 362. Give f(-8).
98
Let s(q) = 3*q**2 + 64*q + 360. Give s(-11).
19
Let j(x) = -5*x**2 + 466*x + 10540. Give j(112).
12
Let c(q) = q**2 + 343*q + 18910. Give c(-274).
4
Let x(s) = -s**3 - 15*s**2 - 47*s - 46. Calculate x(-5).
-61
Let k(x) = x**3 - 53*x**2 - 48*x - 191. Determine k(54).
133
Let p(t) = 167*t - 7394. Calculate p(44).
-46
Let h(g) = 428*g - 83447. Give h(195).
13
Let q(y) = y**3 + 42*y**2 + 165*y - 236. Determine q(-37).
504
Let j(n) = -n**3 + 12*n**2 + 22*n - 353. Give j(11).
10
Let g(a) = -205*a - 1016. What is g(-5)?
9
Let t(u) = -1833*u + 23827. Determine t(13).
-2
Let c(o) = -o**2 - 74*o + 367. Give c(5).
-28
Let h(v) = -663*v + 653. Calculate h(1).
-10
Let n(i) = -46*i - 50. Give n(0).
-50
Let s(y) = 6*y**3 + 4*y**2 - 36*y - 87. Calculate s(-2).
-47
Let k(z) = z**2 - 627*z + 5. Give k(0).
5
Let o(d) = -2*d**2 + 64*d + 536. Give o(39).
-10
Let t(g) = -7*g - 165. Calculate t(0).
-165
Let j(y) = 2*y**3 - 617*y**2 - 276*y - 10199. Give j(309).
-2
Let u(a) = 34*a + 375. What is u(-8)?
103
Let u(t) = 217*t + 1173. Determine u(-6).
-129
Let h(p) = 12*p + 168. Calculate h(-28).
-168
Let k(p) = 4*p**2 - 20*p - 94. Calculate k(-15).
1106
Let z(i) = -3*i**3 - 31*i**2 + 125*i - 19. Calculate z(3).
-4
Let i(z) = -25*z + 106. Determine i(13).
-219
Let y(i) = 82*i + 56. Calculate y(3).
302
Let q(k) = 2*k**3 - 76*k**2 + 70*k + 141. Calculate q(37).
-7
Let j(p) = p**3 - 9*p**2 - 28*p - 41. Determine j(12).
55
Let f(z) = -2*z**3 + 33*z**2 - 17*z + 13. Determine f(16).
-3
Let z(w) = w**3 - 85*w**2 + 97*w - 1088. Give z(84).
4
Let y(b) = b**3 + 21*b**2 - 11*b + 232. Calculate y(-22).
-10
Let v(h) = -2*h**2 - 450*h - 21180. Give v(-158).
-8
Let m(y) = 56*y - 1482. Determine m(28).
86
Let p(m) = 5*m**2 + 239*m - 1607. What is p(6)?
7
Let g(t) = 10*t - 466. Determine g(50).
34
Let i(k) = k**3 - 67*k - 133. Determine i(-2).
-7
Let q(x) = -x**2 + 19*x - 20. Give q(-7).
-202
Let f(m) = -m**3 + 3*m**2 + 5*m - 12. What is f(2)?
2
Let x(w) = 2303*w - 2389. Determine x(1).
-86
Let n(m) = -14*m**3 + 2*m**2 - 10*m - 12. Give n(-4).
956
Let s(f) = 4*f**3 + f**2 - 449*f + 448. Determine s(1).
4
Let f(x) = -x**3 + 15*x**2 - 38*x - 41. What is f(12)?
-65
Let x(l) = -l**2 + 51*l + 509. What is x(-11)?
-173
Let u(k) = -30*k - 1748. Calculate u(-58).
-8
Let b(x) = -20*x + 1800. Determine b(82).
160
Let k(s) = -2*s**3 + 125*s**2 + 56*s + 453. What is k(63)?
12
Let g(i) = i**3 + 41*i**2 - 2*i - 14. Give g(0).
-14
Let d(j) = -2*j + 115. Give d(-34).
183
Let v(d) = -d**2 + 131*d + 40. What is v(0)?
40
Let s(y) = -9*y - 6. Determine s(3).
-33
Let d(v) = v**3 + 11*v**2 + v - 25. Determine d(-11).
-36
Let g(h) = 2*h**2 - 2*h + 22. What is g(-8)?
166
Let o(r) = -13793*r + 96564. Give o(7).
13
Let l(u) = u**2 + 39*u + 295. What is l(-28)?
-13
Let a(i) = -2*i**3 + 22*i**2 + 51*i + 18. Calculate a(13).
5
Let w(d) = 151*d - 18918. Calculate w(126).
108
Let v(m) = 41*m + 409. Give v(-9).
40
Let h(x) = -743*x**2 - 3. Give h(-1).
-746
Let z(p) = 92*p**2 + 460*p + 7. What is z(-5)?
7
Let x(p) = p**3 - 10*p**2 - 14*p - 42. Determine x(11).
-75
Let h(g) = -13*g**3 + 67*g**2 + 36*g + 6. Determine h(6).
-174
Let j(l) = 459*l + 6. Calculate j(1).
465
Let y(a) = -2*a**3 + 2*a**2 + 9*a + 1. What is y(-4)?
125
Let a(y) = 12*y - 983. Calculate a(81).
-11
Let t(l) = 139*l + 844. Give t(-6).
10
Let a(z) = -z**3 + 21*z**2 - 22*z - 136. Give a(17).
646
Let z(u) = -109*u - 2474. Calculate z(-25).
251
Let y(s) = -1581*s - 124898. What is y(-79)?
1
Let t(q) = -17*q**2 - 84*q + 2. What is t(-5)?
-3
Let q(k) = -25*k + 27. Give q(0).
27
Let y(i) = 68*i + 55. Calculate y(-1).
-13
Let s(c) = -c**2 - 1006*c + 10154. Calculate s(10).
-6
Let h(z) = 21*z**2 + 127*z + 172. Calculate h(-2).
2
Let u(n) = -49*n + 307. Give u(4).
111
Let l(z) = 2*z**3 - 21*z**2 - 99*z - 20. Calculate l(14).
-34
Let r(m) = -m**3 + m**2 - 8*m + 66. What is r(0)?
66
Let y(k) = 2*k**3 - 11*k**2 + 34*k - 3. What is y(9)?
870
Let i(f) = 55*f + 4352. Give i(-79).
7
Let n(k) = -k**2 + 10*k + 31. What is n(-7)?
-88
Let x(b) = 37*b + 400. What is x(-13)?
-81
Let h(c) = 95*c - 18. Determine h(1).
77
Let b(r) = r**3 - 25*r**2 - r + 24. Give b(25).
-1
Let v(i) = i**3 + 18*i**2 + 31*i + 30. Give v(-17).
-208
Let v(w) = 13*w**3 - 78*w**2 + 5*w - 1. What is v(6)?
29
Let x(g) = -3*g**3 + 28*g**2 - 42*g + 304. Give x(9).
7
Let b(j) = -461*j + 28575. Calculate b(62).
-7
Let s(w) = -w**2 + 44*w - 378. What is s(12)?
6
Let u(f) = -f**2 - 42*f + 521. Give u(-52).
1
Let o(t) = 579*t + 9802. Calculate o(-17).
-41
Let p(r) = -2*r**3 - 97*r**2 - 41*r + 289. Give p(-48).
-47
Let n(r) = -53*r + 1152. Determine n(21).
39
Let a(l) = -6*l + 62. What is a(14)?
-22
Let g(f) = -6*f**2 - 280*f - 47. Determine g(-41).
1347
Let p(j) = -2*j**3 - j**2 - 16*j - 7. Calculate p(0).
-7
Let n(l) = -56*l**2 + 5*l - 7. Calculate n(-1).
-68
Let u(i) = -92*i + 4700. Determine u(52).
-84
Let h(x) = 21*x - 146. Calculate h(7).
1
Let y(s) = 2*s**2 + 202*s - 1269. Determine y(6).
15
Let a(k) = 7*k**2 - 311*k + 1243. Determine a(40).
3
Let i(f) = -36*f + 2698. Determine i(76).
-38
Let t(k) = -3*k**3 + 59*k**2 - 39*k - 28. Give t(19).
-47
Let p(n) = 4*n**3 - 45*n**2 + 16*n - 31. Give p(11).
24
Let l(u) = u**2 - 49*u - 204. Calculate l(55).
126
Let r(a) = -a**3 - 12*a**2 - a + 180. Give r(-10).
-10
Let f(m) = 2*m**2 - 21*m - 43. Give f(13).
22
Let i(f) = f**2 - 80*f + 1299. Give i(58).
23
Let w(l) = -l**2 + 45*l + 653. What is w(-16)?
-323
Let b(z) = -1584*z - 22181. Give b(-14).
-5
Let t(d) = 4*d**2 + 819*d - 3274. What is t(4)?
66
Let i(h) = h**3 + 8*h**2 - 13*h - 23. What